te -3 + 9 - 3 - -5 - 2.
6
Calculate 3 + (3 - -1 - 6).
1
Calculate 8 + -10 - -3 - -5.
6
Evaluate 2 - (-5 + 1 - -3).
3
What is (0 - 2 - -6) + (25 - 27)?
2
Calculate (-6 - -1) + -30 + 29.
-6
Calculate 374 - 368 - (0 + 8 + -1).
-1
Calculate 4 + (-4 - (-1 - 1)).
2
2 + 5 + -4 + -3
0
Evaluate 0 + (-9 - -11) - (3 - 7).
6
What is the value of (2 - (4 - 3)) + -5 + 0?
-4
What is the value of -2 + (-4 - 0) + (4 - 6)?
-8
Calculate (-1 - -2) + 5 + -5 - 2.
-1
What is the value of 11 - (-6 - -5 - -18)?
-6
(8 - (2 - 4)) + -4
6
What is the value of 1 - (-5 - (-4 + 1)) - -2?
5
Calculate 3 + 0 + -2 + -4 + 8.
5
-1 - -4 - (5 - 0)
-2
What is the value of -3 + -1 + 0 + -11 + 14?
-1
Evaluate 0 + 0 + (4 - 3).
1
What is the value of 5 - (10 - 4 - 3)?
2
-3 - (9 + -3 - 11)
2
Evaluate (2 - -3 - 10 - 0) + 7.
2
Evaluate (-9 - -14) + -5 + 0.
0
Calculate 4 + 1 + 40 + -44.
1
(-6 - 5) + 11 - (8 + -2)
-6
Calculate 2 + -2 - (56 - 55).
-1
What is 10 - (0 - (0 - (-3 + 5)))?
8
Evaluate 3 + 4 + 0 + -9.
-2
What is 50 + -47 + (-9 - (1 + -3))?
-4
Calculate 4 - (7 - (-5 + 7)).
-1
31 + -26 + (1 - 1 - 8)
-3
What is (3 + -3 - 2) + 6 + -7?
-3
Calculate -5 - (-1 - 0) - (-20 + 13).
3
What is (5 - (3 + -3)) + -4?
1
What is -2 + -5 + 11 + 1 + 2?
7
Calculate -7 + 3 - (-2 - 1 - -2).
-3
Evaluate -11 + 7 + (1 - -2) - 0.
-1
What is -13 - -15 - ((3 - 1) + -4)?
4
What is (9 - -7) + -10 - (6 + 1)?
-1
Calculate (-4 - 0) + (-5 - -12).
3
What is the value of -4 + 2 - (5 - 7)?
0
Evaluate (-15 - -18) + (0 - 5).
-2
What is the value of (0 - 1) + -2 + 4 + 0?
1
Evaluate 0 + 2 + (5 - 5) - 4.
-2
Calculate -11 - (-12 - (2 - 7)).
-4
What is the value of (1 - -1) + -3 + -3 + 9?
5
Calculate -10 + 1 + -16 + 9 + 12.
-4
-1 + (-3 - (-5 - 4))
5
6 - (-5 + 17) - -5
-1
(-7 - 3) + 14 - 3
1
Calculate 7 + -18 + 2 - -4 - -4.
-1
6 + (-11 - (-6 + 2))
-1
What is the value of 1 - 0 - (9 + (-5 - 2))?
-1
What is the value of (-8 - -7) + 11 - 13?
-3
Calculate (-3 - 2) + (5 - 1).
-1
2 - (1 - (-5 - -3))
-1
What is the value of -2 + 8 + (-8 - -7) + -9?
-4
Calculate 0 + -1 + (11 - 11).
-1
Calculate -3 - ((-6 - -1) + 1).
1
What is -8 + 23 + -14 - (2 - 3)?
2
What is (3 - -3 - 7) + 3 + 1?
3
What is the value of -3 - -4 - (4 + -6 - -2)?
1
What is (-2 - -1 - -4) + -2?
1
What is 7 + -3 - (5 + -1)?
0
What is -4 - (-8 - -9 - (0 - 0))?
-5
What is -6 + (2 - (0 + 0 - 10))?
6
What is (-10 + -3 - -8) + -1?
-6
Calculate -13 - (-20 - -12 - 1).
-4
-7 + -2 + 7 + -8 + 5
-5
Calculate 4 - (0 + 1 - -3).
0
What is the value of 2 + 3 + -5 + 1?
1
0 - (-1 - (4 + -4))
1
Calculate 2 + -8 + 1 - (7 + -8).
-4
10 + (-20 - -14) - (1 + 6)
-3
What is -2 - -7 - (10 + -2 - 6)?
3
5 - (2 - (1 + -4))
0
Evaluate -3 - (-8 + 7 - 4).
2
What is the value of 10 + -13 + 9 - (-1 - -16)?
-9
Evaluate (2 - (5 - 6) - -3) + -5.
1
Calculate 4 - 5 - 2 - -6.
3
What is (3 - 1) + -2 + (3 - -3)?
6
Evaluate 4 + 2 + 1 + -2 + -5.
0
What is -2 + (-1 - 4) - -9?
2
What is the value of 0 + (0 - 4 - 4) + 4?
-4
What is 0 - (-1 - (7 + -2 - 2))?
4
17 + -6 + 2 + -9
4
What is the value of 9 - (-2 - (1 + -6 + 1))?
7
Calculate 14 + -11 - (-3 + 1).
5
What is the value of -2 + (5 + -16 - -7)?
-6
Evaluate -7 - (-2 - -4 - 6).
-3
Calculate -1 + (-10 - -5 - 3) + 8.
-1
What is 0 - 5 - (1 + 1) - -5?
-2
-4 + 0 + (10 - 8)
-2
What is 3 - ((-4 - -7) + 0)?
0
Calculate -4 + 0 + -10 + (-2 - -12).
-4
What is the value of 0 - -1 - (4 + -5)?
2
Evaluate (0 - 1) + (-3 - -6).
2
Calculate (-5 - -17 - 6) + 4 - 3.
7
-4 + -4 + 1 + (-2 - -5)
-4
What is the value of -2 + 11 + (2 - 4)?
7
Calculate 0 + 1 + (-7 - -3) + 2.
-1
Evaluate 0 + (4 - (5 + -11 + 4)).
6
Evaluate -4 + 8 + 3 + -4.
3
Calculate 2 + 4 + -6 + 3.
3
What is -13 + 12 + -5 + 5?
-1
-2 - (-1 - 2) - (-1 - -1)
1
Calculate -4 - (-5 + 2 + 3 - 14).
10
Evaluate (-6 - -12) + 0 - 6.
0
What is (-1 - -7) + -9 + 7 + 2?
6
What is (4 - ((3 - -3) + -3)) + 2?
3
Evaluate (20 - 21) + -1 + -2.
-4
Evaluate (-5 + 8 - (1 - -3)) + 3.
2
5 + (8 - 2) + -5
6
Evaluate -6 + (2 - -4) - (6 - 0).
-6
What is the value of 1 + (4 - 8) - (-4 + 4)?
-3
Evaluate 2 + (-2 + (1 - 2) - 1).
-2
-4 + (5 + -4 - -4 - 1)
0
Evaluate (-6 + -8 - -3) + 9.
-2
Evaluate -4 - -1 - (-7 + 4).
0
What is the value of (-96 - -91) + 2 + 2?
-1
Evaluate 43 - 47 - (0 + (1 - 5)).
0
What is the value of 1 + (7 - 3 - (-3 - -7))?
1
Evaluate -2 + (2 - 5) + 13 + -7.
1
Calculate (-4 + 4 - (2 - 2)) + -4.
-4
1 + (-2 - (3 + -3)) + -4
-5
6 + (3 - 4) + (0 - 2)
3
(-2 - 3) + (3 - -1)
-1
What is (-2 - -1) + (6 - 4)?
1
Evaluate -173 + 166 - (1 + -7).
-1
(1 - -3) + -1 + -2
1
What is the value of (-5 - -2) + -7 + 8?
-2
2 - (0 + -1) - (-6 + 13)
-4
Calculate 19 + (-32 - -17) - (0 + 11).
-7
Calculate (3 - (-2 + -3 + 11)) + -2.
-5
What is the value of 6 + 1 - (-14 - -18)?
3
What is the value of -2 + -4 - (2 - 9)?
1
Calculate -4 + 3 + (2 - (6 - 3)).
-2
7 + -3 + 0 + -5
-1
Evaluate (1 - 0) + (2 - (5 - 1)).
-1
What is the value of -4 - (-5 + -4 - -4 - 1)?
2
Calculate 3 + (2 - ((6 - -1) + -2)).
0
8 + -2 - (-1 + 3)
4
Calculate -3 - ((-10 - -11) + (-4 - -2)).
-2
What is (-5 - -4) + 2 - 6?
-5
Calculate -2 - ((3 - (-1 - -12)) + 1).
5
2 + 1 - (12 - 12)
3
What is 4 + (-5 + 2 - -1)?
2
What is the value of 7 - 4 - (-1 + 6)?
-2
Calculate (-8 - (-16 + 10)) + -2.
-4
What is the value of 3 + (4 - 5 - 9) + 2?
-5
Calculate 2 + (4 - (7 + 0 + 2)).
-3
(-9 - -1) + -6 + 19
5
What is the value of -1 - (-3 + 1) - 3?
-2
What is (-1 - 9) + (-5 - 2 - -8)?
-9
Evaluate 3 + 2 + -3 + (-4 - -7).
5
What is -14 + 11 + 6 - (2 - -10)?
-9
What is (-2 - 0) + 6 - (-1 - -2)?
3
Calculate -4 + 0 + 5 - 5.
-4
-3 + 4 + (1 - 0) + 0
2
What is the value of -8 + 0 - (7 - 11)?
-4
Calculate (-21 + 11 - -12) + -5 + 1.
-2
What is -2 - (-20 + 7 + 7 - -2)?
2
What is -9 + 11 - (1 - 3)?
4
Calculate (-6 - 1) + (19 - 18).
-6
Evaluate (6 - -2) + -10 + 4.
2
What is the value of -4 - (1 - 1) - 1?
-5
(-4 - (-14 + 3)) + -6
1
What is 1 - ((3 - -6 - 4) + -5)?
1
Calculate (0 + -2 - 0) + 1.
-1
Evaluate 0 + -1 + (7 - (4 - -1)).
1
Evaluate -15 - -11 - (0 + 0).
-4
Evaluate 2 + -7 + (-1 - -2).
-4
40 - 38 - (0 - -7)
-5
14 + -23 - (-2 + -6)
-1
What is the value of -7 + (5 - (-2 + 7))?
-7
What is the value of -2 + 0 - (-15 + 6)?
7
15 - (4 - -2) - 5
4
What is -2 + -2 + -2 - (-12 - 0)?
6
What is -1 + 1 - (3 - (-2 + 6))?
1
-1 + (5 - (0 + 5))
-1
Evaluate 2 + 13 + -9 - 2.
4
Evaluate 27 - 26 - (5 - (3 - 1)).
-2
What is -1 - (17 - (1 + 3) - 7)?
-7
Evaluate -6 - (-14 - (8 - 10)).
6
Evaluate -8 + 1 + 0 - (4 - 6).
-5
What is -1 + 0 - (-34 + 35)?
-2
What is -3 - ((2 - (-1 + 3)) + 1)?
-4
Calculate 16 + -7 - (4 + 2).
3
-24 + 24 + (-1 - -2)
1
-1 - -3 - (-4 + 2 - 1)
5
What is the value of -5 - (-4 + -1 + 4)?
-4
Evaluate -5 + 17 + -8 + -1.
3
Evaluate -43 - -35 - (0 + -8).
0
What is the value of 4 - 11 - (2 + (-7 - -3))?
-5
Calculate (-1 - -6) + -3 - 6.
-4
Calculate -1 - (-9 + 0 - (3 + -5)).
6
(-35 + 11 - (-8 + 2)) + 7
-11
What is the value of (-2 - -1) + (2 - 0)?
1
What is the value of 1 + (2 - (0 + 2 + -3))?
4
Evaluate 4 + 0 + 4 + (-4 - 1).
3
Calculate -3 + 3 - -2 - (0 - 0).
2
What is -7 + (8 - 3) + 7 - 14?
-9
Evaluate (-7 - -2 - 0) + -9 + 10.
-4
What is the value of 0 - 4 - (-10 - -4)?
2
What is the value of -3 - -3 - (-2 - (-5 - 0))?
-3
Calculate (-1 - -7) + -21 + 12.
-3
What is (-8 - (-1 - -1)) + 1?
-7
What is the value of (-8 - 2) + -90 + 108?
8
-4 + 0 - (-1 - 4)
1
What is (2 - 3) + -1 + -2 + 2?
-2
What is -53 + 55 + (-2 - 5) + -1?
-6
What is (7 + 4 - 7 - -6) + -5?
5
Evaluate -3 + (8 - (-4 + 6)).
3
What is the value of -1 - (13 - (4 + 0))?
-10
What is 2 + -1 - (-2 + (-1 - 0))?
4
Calculate (-1 - -4 - 4) + 4 - -2.
5
What is the value of (12 + -20 - -3) + -3?
-8
What is 0 - (-3 + 7 + (0 - 2))?
-2
What is -3 - -3 - (23 + -25)?
2
What is the value of 3 + 4 + -9 - -4 - 3?
-1
Evaluate 337 - 339 - (-12 - (0 - 1)).
9
Evaluate -1 + 0 + 3 + -4.
-2
(6 - 2) + 8 + -12
0
-1 + (2 - (5 - 9) - 4)
1
What is 2 - -2 - (1 + (-1 - 0))?
4
(0 - 0) + (-4 - -3 - -2)
1
Calculate 2 + -1 + 4 + -6 + -4.
-5
What is 2 + -7 - (23 - 27)?
-1
Calculate -8 + (0 - -2) - -2.
-4
What is -9 - (-1 - 0) - (0 + -6)?
-2
(-9 - -13) + (2 - 4 - 2)
0
(0 - -4) + (21 - 26)
-1
1 - ((-8 - -2) + 12)
-5
What is 0 + 1 + (-2 - (-1 - 0))?
0
6 + -2 + -6 + 5 - -2
5
Calculate 17 - (17 + -9 + 4).
5
What is the value of 2 + (1 - 3) + -7?
-7
(1 - 4) + 2 - 1
-2
Calculate -1 + (3 - 1 - 11) + 6.
-4
Evaluate 10 - 